{"id":969,"date":"2025-04-02T17:00:56","date_gmt":"2025-04-02T17:00:56","guid":{"rendered":"https:\/\/tus.smaco.de\/?page_id=969"},"modified":"2025-04-02T17:00:57","modified_gmt":"2025-04-02T17:00:57","slug":"fussball","status":"publish","type":"page","link":"https:\/\/tus.smaco.de\/?page_id=969","title":{"rendered":"Fu\u00dfball"},"content":{"rendered":"\n<p>Fu\u00dfball unterteilt sich in <a href=\"https:\/\/tus.smaco.de\/?page_id=637\" data-type=\"page\" data-id=\"637\">Jugendfu\u00dfball <\/a>und den Senioren-Bereich.<br>zu den Senioren geh\u00f6ren:<br> &#8211; <a href=\"https:\/\/tus.smaco.de\/?page_id=617\" data-type=\"page\" data-id=\"617\">1. Mannschaft<\/a><br> &#8211; <a href=\"https:\/\/tus.smaco.de\/?page_id=625\" data-type=\"page\" data-id=\"625\">2. Mannschaft<\/a><br> &#8211; <a href=\"https:\/\/tus.smaco.de\/?page_id=684\" data-type=\"page\" data-id=\"684\">&#8222;alte Herren&#8220;<\/a><br> &#8211; <a href=\"https:\/\/tus.smaco.de\/?page_id=580\" data-type=\"page\" data-id=\"580\">Sunday Kickers<\/a><\/p>\n","protected":false},"excerpt":{"rendered":"<p>Fu\u00dfball unterteilt sich in Jugendfu\u00dfball und den Senioren-Bereich.zu den Senioren geh\u00f6ren: &#8211; 1. Mannschaft &#8211; 2. Mannschaft &#8211; &#8222;alte Herren&#8220; &#8211; Sunday Kickers<\/p>\n","protected":false},"author":1,"featured_media":0,"parent":0,"menu_order":0,"comment_status":"closed","ping_status":"closed","template":"","meta":{"footnotes":""},"class_list":["post-969","page","type-page","status-publish","hentry"],"_links":{"self":[{"href":"https:\/\/tus.smaco.de\/index.php?rest_route=\/wp\/v2\/pages\/969","targetHints":{"allow":["GET"]}}],"collection":[{"href":"https:\/\/tus.smaco.de\/index.php?rest_route=\/wp\/v2\/pages"}],"about":[{"href":"https:\/\/tus.smaco.de\/index.php?rest_route=\/wp\/v2\/types\/page"}],"author":[{"embeddable":true,"href":"https:\/\/tus.smaco.de\/index.php?rest_route=\/wp\/v2\/users\/1"}],"replies":[{"embeddable":true,"href":"https:\/\/tus.smaco.de\/index.php?rest_route=%2Fwp%2Fv2%2Fcomments&post=969"}],"version-history":[{"count":1,"href":"https:\/\/tus.smaco.de\/index.php?rest_route=\/wp\/v2\/pages\/969\/revisions"}],"predecessor-version":[{"id":970,"href":"https:\/\/tus.smaco.de\/index.php?rest_route=\/wp\/v2\/pages\/969\/revisions\/970"}],"wp:attachment":[{"href":"https:\/\/tus.smaco.de\/index.php?rest_route=%2Fwp%2Fv2%2Fmedia&parent=969"}],"curies":[{"name":"wp","href":"https:\/\/api.w.org\/{rel}","templated":true}]}}