{"id":651,"date":"2025-03-27T13:02:11","date_gmt":"2025-03-27T13:02:11","guid":{"rendered":"https:\/\/tus.smaco.de\/?page_id=651"},"modified":"2025-04-02T15:24:33","modified_gmt":"2025-04-02T15:24:33","slug":"herrenturnen","status":"publish","type":"page","link":"https:\/\/tus.smaco.de\/?page_id=651","title":{"rendered":"Herrenturnen"},"content":{"rendered":"\n<p><strong>\u00dcbungszeiten (Turnhalle):<\/strong><br>Do. 20:00 &#8211; 21:30<\/p>\n\n\n\n<p><strong>Trainer &amp; Betreuer:<\/strong><br>Oliver Hermeier: 02247-969666<br>Stephan Noll: 02247-8555<br>E-Mail: (herrenturnen) @tus-winterscheid.de<\/p>\n\n\n\n<p><strong>&#8222;Alter sch\u00fctzt vor Fitness nicht&#8220;<\/strong><\/p>\n\n\n\n<p>Immer wieder Donnerstags geht\u2019s los, p\u00fcnktlich um 20:00 Uhr starten wir mit einem halbst\u00fcndigen Lauf- und Gymnastik- Programm, das mit fachkundiger Hilfe von Sylvia M\u00fcller speziell f\u00fcr unsere Abteilung ausgearbeitet wurde.<br>Wenn wir auf diese Weise die Muskeln gew\u00e4rmt, gelockert und gedehnt haben, sind wir fit genug f\u00fcr ca. 15 Minuten Mattengymnastik, gelegentlich aber auch f\u00fcr Hallenfu\u00dfball oder \u00e4hnlichen &#8222;Powersport&#8220; bei dem dann selbst das letzte Hemd nass wird. Den Prinzipien des &#8222;Ballancesport&#8220; wird bei der \u00dcbungszusammenstellung gefolgt, genauso wie jeder durch die Intensit\u00e4t bei der Mitarbeit seinen pers\u00f6nlichen &#8222;Workout&#8220; gestalten kann.<br>Eine \u00be bis 1 Stunde Prellball runden das Programm ab. Dabei geht es durchaus ehrgeizig zu, wobei immer Wert darauf gelegt wird, dass keiner sich \u00fcberfordert f\u00fchlt oder gar \u00fcberfordert wird. Jeder steuert sein Engagement selbst!<\/p>\n\n\n\n<p>In der &#8222;dritten Halbzeit&#8220; wird dann ein Teil des Fl\u00fcssigkeits-Verlusts wieder ausgeglichen und dabei \u00fcber &#8222;Gott und die Welt&#8220; diskutiert. Eine wohlausgewogene Einteilung sorgt daf\u00fcr, dass hierf\u00fcr stets die notwendige Basis vorhanden ist.<\/p>\n\n\n\n<p>Es wird also streng auf ein ausgeglichenes Verh\u00e4ltnis zwischen sportlichem Engagement und Gem\u00fctlichkeit geachtet. Das \u00e4u\u00dfert sich auch in einigen Veranstaltungen, die \u00fcber\u2019s Jahr verteilt stattfinden: Mehrere Wanderungen verbunden mit gemeinsamem Essen, bei dem uns auch unsere &#8222;besseren H\u00e4lften&#8220; gerne begleiten. Im mehrj\u00e4hrigen Abstand plant einer von uns freiwillig eine Zwei-Tagestour in eine vorher vereinbarte Stadt oder Landschaft, zu der er pers\u00f6nlich Bezug hat.<\/p>\n\n\n\n<p>F\u00fcr weitere Vorschl\u00e4ge sind wir immer offen &#8211; nur Spa\u00df muss es machen!<\/p>\n\n\n<ul class=\"wp-block-latest-posts__list has-dates wp-block-latest-posts\"><\/ul>","protected":false},"excerpt":{"rendered":"<p>\u00dcbungszeiten (Turnhalle):Do. 20:00 &#8211; 21:30 Trainer &amp; Betreuer:Oliver Hermeier: 02247-969666Stephan Noll: 02247-8555E-Mail: (herrenturnen) @tus-winterscheid.de &#8222;Alter sch\u00fctzt vor Fitness nicht&#8220; Immer wieder Donnerstags geht\u2019s los, p\u00fcnktlich um 20:00 Uhr starten wir mit einem halbst\u00fcndigen Lauf- und Gymnastik- Programm, das mit fachkundiger Hilfe von Sylvia M\u00fcller speziell f\u00fcr unsere Abteilung ausgearbeitet wurde.Wenn [&hellip;]<\/p>\n","protected":false},"author":1,"featured_media":0,"parent":0,"menu_order":0,"comment_status":"closed","ping_status":"closed","template":"","meta":{"footnotes":""},"class_list":["post-651","page","type-page","status-publish","hentry"],"_links":{"self":[{"href":"https:\/\/tus.smaco.de\/index.php?rest_route=\/wp\/v2\/pages\/651","targetHints":{"allow":["GET"]}}],"collection":[{"href":"https:\/\/tus.smaco.de\/index.php?rest_route=\/wp\/v2\/pages"}],"about":[{"href":"https:\/\/tus.smaco.de\/index.php?rest_route=\/wp\/v2\/types\/page"}],"author":[{"embeddable":true,"href":"https:\/\/tus.smaco.de\/index.php?rest_route=\/wp\/v2\/users\/1"}],"replies":[{"embeddable":true,"href":"https:\/\/tus.smaco.de\/index.php?rest_route=%2Fwp%2Fv2%2Fcomments&post=651"}],"version-history":[{"count":3,"href":"https:\/\/tus.smaco.de\/index.php?rest_route=\/wp\/v2\/pages\/651\/revisions"}],"predecessor-version":[{"id":949,"href":"https:\/\/tus.smaco.de\/index.php?rest_route=\/wp\/v2\/pages\/651\/revisions\/949"}],"wp:attachment":[{"href":"https:\/\/tus.smaco.de\/index.php?rest_route=%2Fwp%2Fv2%2Fmedia&parent=651"}],"curies":[{"name":"wp","href":"https:\/\/api.w.org\/{rel}","templated":true}]}}